 factor of 1650578 and 246.
82
What is the greatest common factor of 3507 and 252337?
167
What is the highest common divisor of 212995 and 3690?
205
Calculate the greatest common factor of 261 and 738.
9
Calculate the greatest common factor of 2499771 and 295.
59
Calculate the greatest common factor of 56150 and 50.
50
Calculate the highest common divisor of 140 and 535640.
140
Calculate the greatest common factor of 165375 and 147.
147
Calculate the highest common divisor of 2135 and 5795.
305
What is the highest common divisor of 40869 and 9?
9
Calculate the highest common divisor of 36 and 747.
9
Calculate the greatest common divisor of 176 and 168476.
44
Calculate the highest common factor of 5570544 and 826.
826
Calculate the greatest common divisor of 308 and 106414.
154
Calculate the highest common divisor of 5290 and 13340.
230
What is the greatest common factor of 135555 and 45?
15
Calculate the greatest common divisor of 93290 and 40.
10
Calculate the greatest common divisor of 234 and 386126.
26
Calculate the highest common factor of 440 and 55.
55
Calculate the greatest common divisor of 34983 and 126.
9
Calculate the highest common divisor of 44988 and 276.
276
What is the greatest common divisor of 1423539 and 2093?
299
Calculate the greatest common factor of 237 and 1037191.
79
What is the highest common divisor of 7987 and 16137?
163
What is the greatest common factor of 1799 and 616?
7
What is the highest common factor of 171746 and 3634?
158
Calculate the highest common factor of 293697 and 18.
9
What is the greatest common factor of 654 and 92868?
654
Calculate the highest common factor of 9 and 279333.
9
What is the highest common divisor of 55790 and 560?
70
Calculate the greatest common factor of 7322019 and 51.
51
Calculate the highest common factor of 466 and 144.
2
What is the highest common factor of 2352 and 199185?
147
Calculate the highest common divisor of 2850 and 870.
30
What is the highest common factor of 4980 and 1779?
3
What is the highest common factor of 2039693 and 219?
73
Calculate the greatest common divisor of 289 and 21981.
17
Calculate the highest common divisor of 1059 and 1016640.
1059
Calculate the highest common factor of 7140 and 5040.
420
Calculate the highest common factor of 423308 and 97.
97
What is the greatest common factor of 329684 and 12?
4
Calculate the highest common factor of 15 and 22391.
1
What is the highest common divisor of 9 and 35901?
9
Calculate the highest common divisor of 53177 and 123.
41
What is the highest common divisor of 15308 and 26344?
356
What is the greatest common factor of 35140 and 27108?
1004
What is the highest common divisor of 25 and 740635?
5
Calculate the highest common divisor of 146 and 717298.
146
Calculate the greatest common divisor of 336 and 167832.
168
What is the greatest common divisor of 16155 and 90?
45
What is the greatest common divisor of 1134 and 234198?
54
What is the highest common divisor of 68 and 160072?
68
What is the highest common factor of 1344 and 16788?
12
What is the greatest common factor of 17619 and 189?
21
Calculate the highest common factor of 377 and 33553.
377
Calculate the greatest common factor of 2782715 and 806.
403
Calculate the highest common factor of 602484 and 24.
12
Calculate the greatest common divisor of 895503 and 63.
21
Calculate the highest common factor of 164 and 615.
41
What is the highest common divisor of 164624 and 16?
16
Calculate the greatest common factor of 297630 and 54.
18
Calculate the highest common factor of 289584 and 144.
144
What is the highest common divisor of 15469 and 527?
31
What is the highest common factor of 2584 and 28968?
136
Calculate the highest common divisor of 60 and 77835.
15
What is the highest common factor of 35518 and 2065?
413
What is the greatest common factor of 5028 and 732?
12
What is the highest common divisor of 87529 and 130?
13
Calculate the greatest common divisor of 180 and 58836.
12
Calculate the highest common divisor of 2758 and 588.
14
What is the highest common divisor of 1012 and 51524?
44
Calculate the highest common factor of 38444 and 504.
28
Calculate the greatest common divisor of 446615 and 20.
5
Calculate the highest common factor of 704 and 766784.
64
What is the highest common divisor of 15995 and 119?
7
Calculate the greatest common divisor of 5133 and 649.
59
What is the highest common factor of 9682 and 118244?
206
What is the greatest common factor of 289 and 5559?
17
Calculate the greatest common factor of 150 and 4792680.
30
Calculate the greatest common factor of 102 and 20994.
6
What is the greatest common factor of 311994 and 42?
6
What is the highest common factor of 87 and 233160?
87
What is the highest common factor of 26 and 299702?
26
What is the highest common factor of 37054 and 1552?
194
Calculate the highest common divisor of 128 and 152720.
16
What is the greatest common divisor of 92 and 36050?
2
What is the highest common factor of 28 and 40028?
4
What is the highest common factor of 195895 and 579?
193
Calculate the highest common divisor of 60 and 742380.
60
Calculate the highest common divisor of 12 and 1863600.
12
What is the highest common divisor of 104936 and 1664?
104
Calculate the highest common divisor of 279082 and 46.
46
Calculate the greatest common divisor of 975 and 11661.
39
What is the greatest common factor of 4750 and 5035?
95
What is the highest common divisor of 44 and 3542682?
22
Calculate the greatest common factor of 432 and 1272.
24
What is the greatest common factor of 704 and 5817152?
704
Calculate the highest common divisor of 56429 and 2628.
73
What is the highest common factor of 2326 and 7475764?
2326
Calculate the highest common divisor of 223 and 1137523.
223
What is the greatest common divisor of 114645 and 120?
15
What is the greatest common divisor of 1114237 and 461?
461
What is the highest common divisor of 7305 and 5835?
15
Calculate the greatest common divisor of 56571 and 545.
109
What is the greatest common divisor of 131 and 22139?
131
What is the greatest common divisor of 15945 and 15?
15
What is the highest common factor of 5731 and 110?
11
What is the greatest common factor of 305 and 34831?
61
Calculate the highest common divisor of 61 and 262788.
61
Calculate the highest common divisor of 40 and 450.
10
Calculate the highest common divisor of 45508 and 1116.
124
Calculate the greatest common factor of 80 and 41960.
40
What is the highest common factor of 506 and 24886?
46
What is the highest common factor of 13725 and 1875?
75
What is the highest common factor of 944 and 177?
59
Calculate the highest common factor of 351 and 6136.
13
What is the highest common divisor of 30377 and 37?
37
What is the greatest common factor of 982 and 432571?
491
Calculate the greatest common factor of 1034 and 5467.
11
Calculate the highest common divisor of 4524 and 494943.
87
Calculate the greatest common factor of 56 and 663852.
28
What is the greatest common factor of 3758641 and 823?
823
What is the highest common divisor of 287 and 308?
7
Calculate the highest common divisor of 163695 and 105.
105
What is the greatest common divisor of 1443 and 370?
37
What is the highest common factor of 234 and 20462?
26
What is the highest common factor of 9284 and 1236460?
844
What is the highest common factor of 350 and 6425?
25
What is the greatest common divisor of 32543 and 21?
7
What is the highest common factor of 9422 and 161?
7
Calculate the greatest common factor of 78 and 169.
13
Calculate the greatest common divisor of 156704 and 7636.
332
What is the highest common divisor of 1197 and 5130?
171
What is the greatest common divisor of 35183 and 16761?
151
What is the highest common divisor of 62076 and 420?
84
What is the highest common divisor of 5730 and 930?
30
Calculate the highest common factor of 316 and 2492.
4
Calculate the greatest common factor of 3829 and 1701.
7
Calculate the highest common factor of 5500 and 4796.
44
What is the highest common divisor of 119 and 6302597?
119
Calculate the greatest common divisor of 6565 and 9477.
13
What is the greatest common factor of 87545 and 5?
5
What is the greatest common factor of 702 and 11349?
117
What is the highest common fac